s -5 + 13733?
1372c
In base 16, what is -9 + 3091?
3088
In base 16, what is 5 - -91b5?
91ba
In base 10, what is -5 + -137475?
-137480
In base 12, what is -98b21 - -1?
-98b20
In base 2, what is -101 + 101011010101000?
101011010100011
In base 6, what is -21315 + -2333?
-24052
In base 14, what is -87 - -1b0?
127
In base 8, what is -1346 + 21?
-1325
In base 6, what is -131 - 102221?
-102352
In base 6, what is 120401 + 4?
120405
In base 9, what is -454452 + -2?
-454454
In base 4, what is -1133031 + -1212?
-1200303
In base 16, what is 10f884 - -a?
10f88e
In base 5, what is -33210204 - -2?
-33210202
In base 15, what is -14 - -90?
7b
In base 16, what is 1 + -26b?
-26a
In base 13, what is -816 - -198?
-64b
In base 13, what is 65c10 + -3?
65c0a
In base 5, what is 230 - 1143340?
-1143110
In base 2, what is 101011101011101010110 - -10?
101011101011101011000
In base 15, what is 2 + 2862?
2864
In base 5, what is 31 + 12124?
12210
In base 10, what is -30526 + -1?
-30527
In base 3, what is 11100110 - 10?
11100100
In base 9, what is 353 + -1413?
-1050
In base 11, what is -1775796 + -2?
-1775798
In base 5, what is 40321 + -141?
40130
In base 13, what is b1b5 - 2?
b1b3
In base 14, what is -218 - 5d6?
-810
In base 14, what is 275a + d6?
2852
In base 2, what is -10 - 10100001010001?
-10100001010011
In base 10, what is -12511 + -10?
-12521
In base 2, what is -100 - -11111110100110?
11111110100010
In base 16, what is -9d4 + 3?
-9d1
In base 9, what is 32730 - -36?
32766
In base 16, what is -2d - 1035d?
-1038a
In base 7, what is -316 - 112?
-431
In base 10, what is -213 + 7504?
7291
In base 3, what is -10012110111 + -1?
-10012110112
In base 16, what is 9 - -6a3?
6ac
In base 15, what is 8 + 1978c?
19795
In base 6, what is -4 - 4403323?
-4403331
In base 6, what is 3 - 1033055?
-1033052
In base 8, what is -3 - -315064?
315061
In base 11, what is 11510 - 141?
1137a
In base 14, what is -5b + -138?
-195
In base 12, what is -3 + -8621?
-8624
In base 8, what is -450 + -5167?
-5637
In base 15, what is 3416 + d?
3424
In base 14, what is -173 + -91?
-224
In base 11, what is 4 - 120786?
-120782
In base 2, what is -101 - 100011010111000101000?
-100011010111000101101
In base 8, what is 27 - 15446?
-15417
In base 12, what is bb38 + 6?
bb42
In base 12, what is 5 - -55a34?
55a39
In base 11, what is -381aa - -4?
-381a6
In base 7, what is -1130 + -6?
-1136
In base 5, what is 3 + 333032?
333040
In base 10, what is -31274 + -43?
-31317
In base 7, what is 4 + 3111005?
3111012
In base 8, what is -3 + -144065?
-144070
In base 8, what is 12 - 17367?
-17355
In base 8, what is -15332 + -24?
-15356
In base 6, what is -12132220 + 2?
-12132214
In base 10, what is -8 - -620265?
620257
In base 14, what is 61a6 - 3?
61a3
In base 2, what is 10110100 - 101101100001?
-101010101101
In base 12, what is -690 - 8?
-698
In base 10, what is 2 - -772?
774
In base 13, what is -119 - 6c84?
-70a0
In base 16, what is 7 + -1e6?
-1df
In base 9, what is -6 - 1474514?
-1474521
In base 13, what is -6 - -347b?
3475
In base 10, what is -3 - -1028104?
1028101
In base 12, what is -79 - 8019?
-8096
In base 10, what is -48951 + 0?
-48951
In base 15, what is 3 + 80428?
8042b
In base 9, what is 4 - -382801?
382805
In base 16, what is 6490 + -7?
6489
In base 2, what is 101000 - 1000100101?
-111111101
In base 15, what is 7 - -b9b?
ba3
In base 4, what is 12321200213 + 3?
12321200222
In base 5, what is -1 - -3442120?
3442114
In base 7, what is -1404 - 1542?
-3246
In base 10, what is -29698 + -1?
-29699
In base 3, what is 101 + -10120021020?
-10120020212
In base 4, what is 300232 - -303?
301201
In base 4, what is 3 - -20122320?
20122323
In base 12, what is 1321 - -5b6?
1917
In base 8, what is -1 + -52510?
-52511
In base 2, what is -11011000011 - 100?
-11011000111
In base 3, what is 2 + -200202222?
-200202220
In base 9, what is 1 - 100014?
-100013
In base 6, what is -102333534 - 2?
-102333540
In base 4, what is 102222022212 + -3?
102222022203
In base 16, what is 58 - -8c?
e4
In base 6, what is -10004221 + -5?
-10004230
In base 8, what is -1302 + 22?
-1260
In base 2, what is 10000011 + -101010010010001?
-101010000001110
In base 6, what is 250312 + 10?
250322
In base 11, what is 163 + -1a5?
-42
In base 4, what is 21111 + 300?
22011
In base 16, what is -6ddae + -5?
-6ddb3
In base 7, what is -5 - -10230453?
10230445
In base 2, what is -100000 - -1011010010?
1010110010
In base 8, what is 22 + -2647?
-2625
In base 8, what is -16146 - 2?
-16150
In base 8, what is 4 - -44301?
44305
In base 9, what is -23 + -157664?
-157687
In base 10, what is -249 - -850?
601
In base 15, what is -781b + -17?
-7833
In base 5, what is -3420 + 13312?
4342
In base 12, what is 824 + 2a?
852
In base 16, what is 13 + -163e?
-162b
In base 13, what is 0 - a75?
-a75
In base 7, what is 3210156 - 5?
3210151
In base 7, what is 5 + 56636?
56644
In base 8, what is -21565 - 10?
-21575
In base 4, what is -2121 + -1002?
-3123
In base 9, what is -2002588 + -5?
-2002604
In base 14, what is 9 - -8a24?
8a2d
In base 15, what is 6a + -46e?
-404
In base 16, what is 148a4 - 2?
148a2
In base 15, what is -14d + 26?
-127
In base 7, what is -3 + 5442165?
5442162
In base 16, what is -1c419 + 3?
-1c416
In base 4, what is 2310032 - 120?
2303312
In base 14, what is 4 - 1ca9?
-1ca5
In base 8, what is 125253 - 2?
125251
In base 13, what is -252 - -a9?
-176
In base 14, what is -1 - -6171?
6170
In base 11, what is 287a + -28?
2852
In base 15, what is 250 + 1eb1?
2211
In base 12, what is 1230 - 263?
b89
In base 15, what is 8a - 1374?
-12d9
In base 12, what is -530 - -217?
-315
In base 7, what is -16563 - -3?
-16560
In base 6, what is -1023340 + 31?
-1023305
In base 7, what is 2051045 - -1?
2051046
In base 9, what is -866 + -1451?
-2427
In base 13, what is 2c82 - -5?
2c87
In base 3, what is 1 - 2110011121?
-2110011120
In base 9, what is 501242 - -7?
501250
In base 5, what is 4420424 - -10?
4420434
In base 14, what is 32d0 - 2d?
32a1
In base 5, what is -32 - 2042200?
-2042232
In base 4, what is -1201200 + 0?
-1201200
In base 13, what is 120 + a5?
1c5
In base 11, what is -107 + 834?
728
In base 9, what is 17278 - 15?
17263
In base 4, what is -2013223 + 103?
-2013120
In base 10, what is 641 + 55?
696
In base 4, what is -10031010 - -20?
-10030330
In base 8, what is -5 - 7404?
-7411
In base 15, what is -27e9 + -1?
-27ea
In base 4, what is 1122202210 - 22?
1122202122
In base 11, what is -1330 + 12a?
-1201
In base 6, what is 4342142 - -3?
4342145
In base 8, what is -403 + -74?
-477
In base 11, what is 0 - 11163?
-11163
In base 11, what is -694 + 3?
-691
In base 8, what is -6 + 232650?
232642
In base 5, what is 21 - -41410?
41431
In base 10, what is -541 + -25?
-566
In base 12, what is 117941 - 4?
117939
In base 8, what is -204144 - 0?
-204144
In base 16, what is -4 + 49bfb?
49bf7
In base 12, what is 37380 - -5?
37385
In base 14, what is 14056 + -1?
14055
In base 12, what is -1050 + 4?
-1048
In base 8, what is 404077 - 36?
404041
In base 13, what is 193 - -209?
39c
In base 10, what is -7116 + -4?
-7120
In base 4, what is 10 + 132221?
132231
In base 15, what is -83 + -42d5?
-4368
In base 2, what is -1111101 + 1101111?
-1110
In base 3, what is 100 + 21122021000?
21122021100
In base 12, what is 2 - 81329?
-81327
In base 12, what is -548 + 18?
-530
In base 2, what is -10001 - 111101110010?
-111110000011
In base 6, what is -3 - 12114?
-12121
In base 12, what is -31b8 - -4?
-31b4
In base 15, what is -2 + -13b?
-13d
In base 3, what is 110 + 2000201?
2001011
In base 11, what is 4763 + -52?
4711
In base 9, what is -1306 + 570?
-626
In base 3, what is 2101112 - 22100?
2002012
In base 16, what is 1c - 3c14?
-3bf8
In base 6, what is 0 + -1353512?
-1353512
In base 7, what is 13 - 16411?
-16365
In base 3, what is 201 + 112220102?
112221010
In base 8, what is -625 - 3?
-630
In base 12, what is 3 - 105a?
-1057
In base 5, what is -12 + 234312?
234300
In base 6, what is 23 + 14014?
14041
In base 9, what is 101 + 251?
352
In base 7, what is -5 + 166402?
166364
In base 15, what is 2 - daac?
-daaa
In base 10, what is -238 + -162?
-400
In base 8, what is -23505 + 11?
-23474
In base 16, what is -138 - 1ec2?
-1ffa
In base 14, what is -161 - 40?
-1a1
In base 9, what is -346523 + 10?
-346513
In base 14, what is 76b2 - 6?
76a